{"id":95,"date":"2012-07-16T20:23:29","date_gmt":"2012-07-16T20:23:29","guid":{"rendered":"http:\/\/www.marcobettin.it\/public\/sito\/?page_id=95"},"modified":"2013-03-15T14:58:17","modified_gmt":"2013-03-15T14:58:17","slug":"rieducazione-motoria-e-funzionale","status":"publish","type":"page","link":"https:\/\/www.marcobettin.it\/public\/sito\/index.php\/servizi\/rieducazione-motoria-e-funzionale\/","title":{"rendered":"RIEDUCAZIONE MOTORIA E FUNZIONALE"},"content":{"rendered":"<p><img loading=\"lazy\" decoding=\"async\" class=\"alignleft size-medium wp-image-451\" title=\"apparato osteo-muscolare\" src=\"http:\/\/www.marcobettin.it\/public\/sito\/wp-content\/uploads\/2012\/07\/rieducazione-motoria-e-funzionale-300x273.jpg\" alt=\"\" width=\"300\" height=\"273\" srcset=\"https:\/\/www.marcobettin.it\/public\/sito\/wp-content\/uploads\/2012\/07\/rieducazione-motoria-e-funzionale-300x273.jpg 300w, https:\/\/www.marcobettin.it\/public\/sito\/wp-content\/uploads\/2012\/07\/rieducazione-motoria-e-funzionale-250x228.jpg 250w, https:\/\/www.marcobettin.it\/public\/sito\/wp-content\/uploads\/2012\/07\/rieducazione-motoria-e-funzionale.jpg 725w\" sizes=\"auto, (max-width: 300px) 100vw, 300px\" \/>Quando si ha a che fare con atleti o con soggetti non sportivi, non ci si deve fermare solo alla rieducazione della funzionalit\u00e0 ma \u00e8 fondamentale concentrarsi anche sulla ripresa dell&#8217;attivit\u00e0 sportiva o lavorativa, con caratteristiche di sicurezza ed efficacia duraturi. Col soggetto &#8220;non sportivo&#8221; l&#8217;obiettivo \u00e8 ritornare ad un buon stato di forma ed in condizioni fisiologiche normali. Con il soggetto &#8220;atleta&#8221; l&#8217;obiettivo \u00e8 produrre perfomance elevate e il tempo necessario per tornare ad alti livelli dipender\u00e0 anche dalla lunghezza del periodo di infortunio e dalla qualit\u00e0 del trattamento riabilitativo. Rieducare un soggetto non significa soltanto migliorarne la sintomatologia, guarire un trauma o consolidare una lesione ma anche e soprattutto ricercare la causa dell&#8217;infortunio, rieducare il movimento (in quanto si possono essere creati scompensi posturali) e prevenire recidive (solitamente quando un secondo infortunio analogo avviene entro 3 mesi dal precedente).<\/p>\n","protected":false},"excerpt":{"rendered":"<p>Quando si ha a che fare con atleti o con soggetti non sportivi, non ci si deve fermare solo alla [&hellip;]<\/p>\n","protected":false},"author":1,"featured_media":0,"parent":88,"menu_order":600,"comment_status":"closed","ping_status":"closed","template":"","meta":{"site-sidebar-layout":"default","site-content-layout":"","ast-site-content-layout":"default","site-content-style":"default","site-sidebar-style":"default","ast-global-header-display":"","ast-banner-title-visibility":"","ast-main-header-display":"","ast-hfb-above-header-display":"","ast-hfb-below-header-display":"","ast-hfb-mobile-header-display":"","site-post-title":"","ast-breadcrumbs-content":"","ast-featured-img":"","footer-sml-layout":"","theme-transparent-header-meta":"","adv-header-id-meta":"","stick-header-meta":"","header-above-stick-meta":"","header-main-stick-meta":"","header-below-stick-meta":"","astra-migrate-meta-layouts":"default","ast-page-background-enabled":"default","ast-page-background-meta":{"desktop":{"background-color":"var(--ast-global-color-5)","background-image":"","background-repeat":"repeat","background-position":"center center","background-size":"auto","background-attachment":"scroll","background-type":"","background-media":"","overlay-type":"","overlay-color":"","overlay-opacity":"","overlay-gradient":""},"tablet":{"background-color":"","background-image":"","background-repeat":"repeat","background-position":"center center","background-size":"auto","background-attachment":"scroll","background-type":"","background-media":"","overlay-type":"","overlay-color":"","overlay-opacity":"","overlay-gradient":""},"mobile":{"background-color":"","background-image":"","background-repeat":"repeat","background-position":"center center","background-size":"auto","background-attachment":"scroll","background-type":"","background-media":"","overlay-type":"","overlay-color":"","overlay-opacity":"","overlay-gradient":""}},"ast-content-background-meta":{"desktop":{"background-color":"var(--ast-global-color-4)","background-image":"","background-repeat":"repeat","background-position":"center center","background-size":"auto","background-attachment":"scroll","background-type":"","background-media":"","overlay-type":"","overlay-color":"","overlay-opacity":"","overlay-gradient":""},"tablet":{"background-color":"var(--ast-global-color-4)","background-image":"","background-repeat":"repeat","background-position":"center center","background-size":"auto","background-attachment":"scroll","background-type":"","background-media":"","overlay-type":"","overlay-color":"","overlay-opacity":"","overlay-gradient":""},"mobile":{"background-color":"var(--ast-global-color-4)","background-image":"","background-repeat":"repeat","background-position":"center center","background-size":"auto","background-attachment":"scroll","background-type":"","background-media":"","overlay-type":"","overlay-color":"","overlay-opacity":"","overlay-gradient":""}},"footnotes":""},"class_list":["post-95","page","type-page","status-publish","hentry"],"_links":{"self":[{"href":"https:\/\/www.marcobettin.it\/public\/sito\/index.php\/wp-json\/wp\/v2\/pages\/95","targetHints":{"allow":["GET"]}}],"collection":[{"href":"https:\/\/www.marcobettin.it\/public\/sito\/index.php\/wp-json\/wp\/v2\/pages"}],"about":[{"href":"https:\/\/www.marcobettin.it\/public\/sito\/index.php\/wp-json\/wp\/v2\/types\/page"}],"author":[{"embeddable":true,"href":"https:\/\/www.marcobettin.it\/public\/sito\/index.php\/wp-json\/wp\/v2\/users\/1"}],"replies":[{"embeddable":true,"href":"https:\/\/www.marcobettin.it\/public\/sito\/index.php\/wp-json\/wp\/v2\/comments?post=95"}],"version-history":[{"count":7,"href":"https:\/\/www.marcobettin.it\/public\/sito\/index.php\/wp-json\/wp\/v2\/pages\/95\/revisions"}],"predecessor-version":[{"id":729,"href":"https:\/\/www.marcobettin.it\/public\/sito\/index.php\/wp-json\/wp\/v2\/pages\/95\/revisions\/729"}],"up":[{"embeddable":true,"href":"https:\/\/www.marcobettin.it\/public\/sito\/index.php\/wp-json\/wp\/v2\/pages\/88"}],"wp:attachment":[{"href":"https:\/\/www.marcobettin.it\/public\/sito\/index.php\/wp-json\/wp\/v2\/media?parent=95"}],"curies":[{"name":"wp","href":"https:\/\/api.w.org\/{rel}","templated":true}]}}

<p><img loading="lazy" decoding="async" class="alignleft size-medium wp-image-451" title="apparato osteo-muscolare" src="http://www.marcobettin.it/public/sito/wp-content/uploads/2012/07/rieducazione-motoria-e-funzionale-300x273.jpg" alt="" width="300" height="273" srcset="https://www.marcobettin.it/public/sito/wp-content/uploads/2012/07/rieducazione-motoria-e-funzionale-300x273.jpg 300w, https://www.marcobettin.it/public/sito/wp-content/uploads/2012/07/rieducazione-motoria-e-funzionale-250x228.jpg 250w, https://www.marcobettin.it/public/sito/wp-content/uploads/2012/07/rieducazione-motoria-e-funzionale.jpg 725w" sizes="auto, (max-width: 300px) 100vw, 300px" />Quando si ha a che fare con atleti o con soggetti non sportivi, non ci si deve fermare solo alla rieducazione della funzionalità ma è fondamentale concentrarsi anche sulla ripresa dell&#8217;attività sportiva o lavorativa, con caratteristiche di sicurezza ed efficacia duraturi. Col soggetto &#8220;non sportivo&#8221; l&#8217;obiettivo è ritornare ad un buon stato di forma ed in condizioni fisiologiche normali. Con il soggetto &#8220;atleta&#8221; l&#8217;obiettivo è produrre perfomance elevate e il tempo necessario per tornare ad alti livelli dipenderà anche dalla lunghezza del periodo di infortunio e dalla qualità del trattamento riabilitativo. Rieducare un soggetto non significa soltanto migliorarne la sintomatologia, guarire un trauma o consolidare una lesione ma anche e soprattutto ricercare la causa dell&#8217;infortunio, rieducare il movimento (in quanto si possono essere creati scompensi posturali) e prevenire recidive (solitamente quando un secondo infortunio analogo avviene entro 3 mesi dal precedente).</p>
