{"id":113,"date":"2012-07-16T21:28:05","date_gmt":"2012-07-16T21:28:05","guid":{"rendered":"http:\/\/www.marcobettin.it\/public\/sito\/?page_id=113"},"modified":"2021-11-13T17:04:09","modified_gmt":"2021-11-13T17:04:09","slug":"rieducazione-posturale-su-pancafit","status":"publish","type":"page","link":"https:\/\/www.marcobettin.it\/public\/sito\/index.php\/servizi\/rieducazione-posturale-su-pancafit\/","title":{"rendered":"RIEDUCAZIONE POSTURALE DI GRUPPO SU PANCAFIT\u00ae"},"content":{"rendered":"<p><a href=\"http:\/\/www.marcobettin.it\/public\/sito\/wp-content\/uploads\/2012\/07\/pancafit-gruppo.jpg\"><img loading=\"lazy\" decoding=\"async\" class=\"wp-image-978 alignleft\" src=\"http:\/\/www.marcobettin.it\/public\/sito\/wp-content\/uploads\/2012\/07\/pancafit-gruppo.jpg\" alt=\"pancafit gruppo\" width=\"271\" height=\"358\" \/><\/a>La postura \u00e8 tutto ci\u00f2 che ci coinvolge in ogni momento della vita quotidiana, sia privata che professionale. Per il Terapista risulta quindi di estremo interesse e di grande supporto professionale la conoscenza dei concetti della Posturologia e degli strumenti che essa mette a disposizione per un suo utilizzo pratico e vincente. La vita, con le sue vicissitudini, i traumi, i dolori, ci costringe ad un continuo lavoro di adattamento testimoniato proprio dalla &#8220;posture adattive&#8221;. Uno degli scopi che la <strong>Rieducazione Posturale<\/strong> si pone \u00e8 proprio la &#8220;destabilizzazione&#8221; dei vecchi schemi di adattamento, ormai fissati e consolidati: se questi non vengono corretti, il ridare semplicemente la mobilit\u00e0 alla parte dolente potr\u00e0 servire solo in parte, dal momento che il soggetto tender\u00e0 comunque a riutilizzare quegli stessi schemi ed atteggiamenti adottati nel periodo di dolore.<\/p>\n<p><a href=\"http:\/\/www.marcobettin.it\/public\/sito\/wp-content\/uploads\/2012\/07\/pancafit-gruppo-2.jpg\"><img loading=\"lazy\" decoding=\"async\" class=\"wp-image-979 alignright\" src=\"http:\/\/www.marcobettin.it\/public\/sito\/wp-content\/uploads\/2012\/07\/pancafit-gruppo-2.jpg\" alt=\"pancafit gruppo 2\" width=\"326\" height=\"246\" \/><\/a><\/p>\n<p>Il <strong>lavoro di gruppo<\/strong> \u00e8 svolto in maniera tale da venire incontro alle diverse esigenze dei partecipanti, rispettando tempi e modalit\u00e0 di apprendimento che variano da soggetto a soggetto in base alle esperienze gi\u00e0 vissute.<\/p>\n<p>E&#8217; una ginnastica rieducativa adatta a tutti, dai pi\u00f9 giovani ai pi\u00f9 anziani.<\/p>\n","protected":false},"excerpt":{"rendered":"<p>La postura \u00e8 tutto ci\u00f2 che ci coinvolge in ogni momento della vita quotidiana, sia privata che professionale. Per il [&hellip;]<\/p>\n","protected":false},"author":1,"featured_media":0,"parent":88,"menu_order":900,"comment_status":"closed","ping_status":"closed","template":"","meta":{"site-sidebar-layout":"default","site-content-layout":"","ast-site-content-layout":"default","site-content-style":"default","site-sidebar-style":"default","ast-global-header-display":"","ast-banner-title-visibility":"","ast-main-header-display":"","ast-hfb-above-header-display":"","ast-hfb-below-header-display":"","ast-hfb-mobile-header-display":"","site-post-title":"","ast-breadcrumbs-content":"","ast-featured-img":"","footer-sml-layout":"","theme-transparent-header-meta":"","adv-header-id-meta":"","stick-header-meta":"","header-above-stick-meta":"","header-main-stick-meta":"","header-below-stick-meta":"","astra-migrate-meta-layouts":"default","ast-page-background-enabled":"default","ast-page-background-meta":{"desktop":{"background-color":"var(--ast-global-color-5)","background-image":"","background-repeat":"repeat","background-position":"center center","background-size":"auto","background-attachment":"scroll","background-type":"","background-media":"","overlay-type":"","overlay-color":"","overlay-opacity":"","overlay-gradient":""},"tablet":{"background-color":"","background-image":"","background-repeat":"repeat","background-position":"center center","background-size":"auto","background-attachment":"scroll","background-type":"","background-media":"","overlay-type":"","overlay-color":"","overlay-opacity":"","overlay-gradient":""},"mobile":{"background-color":"","background-image":"","background-repeat":"repeat","background-position":"center center","background-size":"auto","background-attachment":"scroll","background-type":"","background-media":"","overlay-type":"","overlay-color":"","overlay-opacity":"","overlay-gradient":""}},"ast-content-background-meta":{"desktop":{"background-color":"var(--ast-global-color-4)","background-image":"","background-repeat":"repeat","background-position":"center center","background-size":"auto","background-attachment":"scroll","background-type":"","background-media":"","overlay-type":"","overlay-color":"","overlay-opacity":"","overlay-gradient":""},"tablet":{"background-color":"var(--ast-global-color-4)","background-image":"","background-repeat":"repeat","background-position":"center center","background-size":"auto","background-attachment":"scroll","background-type":"","background-media":"","overlay-type":"","overlay-color":"","overlay-opacity":"","overlay-gradient":""},"mobile":{"background-color":"var(--ast-global-color-4)","background-image":"","background-repeat":"repeat","background-position":"center center","background-size":"auto","background-attachment":"scroll","background-type":"","background-media":"","overlay-type":"","overlay-color":"","overlay-opacity":"","overlay-gradient":""}},"footnotes":""},"class_list":["post-113","page","type-page","status-publish","hentry"],"_links":{"self":[{"href":"https:\/\/www.marcobettin.it\/public\/sito\/index.php\/wp-json\/wp\/v2\/pages\/113","targetHints":{"allow":["GET"]}}],"collection":[{"href":"https:\/\/www.marcobettin.it\/public\/sito\/index.php\/wp-json\/wp\/v2\/pages"}],"about":[{"href":"https:\/\/www.marcobettin.it\/public\/sito\/index.php\/wp-json\/wp\/v2\/types\/page"}],"author":[{"embeddable":true,"href":"https:\/\/www.marcobettin.it\/public\/sito\/index.php\/wp-json\/wp\/v2\/users\/1"}],"replies":[{"embeddable":true,"href":"https:\/\/www.marcobettin.it\/public\/sito\/index.php\/wp-json\/wp\/v2\/comments?post=113"}],"version-history":[{"count":16,"href":"https:\/\/www.marcobettin.it\/public\/sito\/index.php\/wp-json\/wp\/v2\/pages\/113\/revisions"}],"predecessor-version":[{"id":1545,"href":"https:\/\/www.marcobettin.it\/public\/sito\/index.php\/wp-json\/wp\/v2\/pages\/113\/revisions\/1545"}],"up":[{"embeddable":true,"href":"https:\/\/www.marcobettin.it\/public\/sito\/index.php\/wp-json\/wp\/v2\/pages\/88"}],"wp:attachment":[{"href":"https:\/\/www.marcobettin.it\/public\/sito\/index.php\/wp-json\/wp\/v2\/media?parent=113"}],"curies":[{"name":"wp","href":"https:\/\/api.w.org\/{rel}","templated":true}]}}